
61
Let g = 13 + 2. Suppose c + g = 6*c + b, 4*b + 20 = 0. List the prime factors of c.
2
Let k = 22 - -48. List the prime factors of k.
2, 5, 7
Suppose -3*a - j + 59 = -27, 96 = 3*a + 3*j. What are the prime factors of a?
3
Suppose 4*d = 3*q - 90, -4*q + 8*q - 148 = -4*d. Let f be q + (0 - -1)*-2. Suppose -4*n + 47 = -3*b + 2*b, -4*n - 4*b = -f. List the prime factors of n.
11
Suppose 25 + 95 = 5*u. List the prime factors of u.
2, 3
Suppose 0*i = -i + 3. Let p = -4 + i. What are the prime factors of 4*(p*2 + 3)?
2
Let q(m) = -m**2 - 7*m - 2. Let j be q(-6). Suppose -j*u + 7 + 21 = -d, -3*d + 36 = 3*u. List the prime factors of u.
2
Let v(w) = w**3 - 4*w**2 + 2*w + 1. List the prime factors of v(5).
2, 3
Let l = 127 - -6. What are the prime factors of l?
7, 19
Suppose -2*i = -5*i + 24. Let u = -4 + i. What are the prime factors of u?
2
Let u(k) = -7*k**3 - k + 1. Let c be u(1). Let w be (2 - 1)/((-1)/c). Let j = 13 - w. List the prime factors of j.
2, 3
Let n = -34 + 54. Let w = 29 - n. List the prime factors of w.
3
What are the prime factors of (-116)/(-10) + -1 + 28/20?
2, 3
Let u(o) = -o**2 + 25*o - 15. List the prime factors of u(23).
31
Suppose -a - 252 = -5*a. List the prime factors of a.
3, 7
Let a = 222 + -113. List the prime factors of a.
109
What are the prime factors of (-14)/(-7)*((-17)/(-2) - -2)?
3, 7
Suppose -3*j + 59 + 85 = -n, -2*j - 4*n + 110 = 0. Let g = -24 + j. List the prime factors of g.
5
Let t(n) = -n**2 - 15*n - 7. Let w be t(-15). Let k = 32 - w. List the prime factors of k.
3, 13
What are the prime factors of 88 + (-4)/12*3 + 0?
3, 29
Let m(i) = i**3 + 4*i**2 + 4*i + 2. Let r be m(-2). Suppose -r*d + 3*d - 22 = 0. What are the prime factors of d?
2, 11
Suppose -2 = -3*g + 7. Suppose -g = -l + 4. Let b = l - -1. List the prime factors of b.
2
Suppose 3*r + 6 = 18. Suppose r*w = -0*w + 56. What are the prime factors of w?
2, 7
Suppose -2*k + 0*k - 4 = 0. What are the prime factors of (4/6)/(k/(-48))?
2
Let a(s) = s**3 + s**2 - s - 1. Let b be a(-1). What are the prime factors of (15 + (b - 2))*1?
13
Suppose -4*w = -3*w - 145. List the prime factors of w.
5, 29
Let d(g) = 2*g**2 - 3*g - 21. List the prime factors of d(7).
2, 7
Suppose -4*x + 3*x + 3*f - 35 = 0, 4*f - 80 = 3*x. Let q = x + 46. List the prime factors of q.
2, 13
Let f be (0 + (-1 - -1))/(-3). Suppose f*y = -y - 18. List the prime factors of y/(9/6*-1).
2, 3
Let b be 20/9 - 10/45. What are the prime factors of 18*(-2)/(-3) + b?
2, 7
Let i = 2 + -6. Let n be 3 + 0 - 24/i. Let y = n - 5. List the prime factors of y.
2
Suppose 3*a - 75 = -5*r - 2*a, 2*r = 2*a + 42. What are the prime factors of r?
2, 3
Suppose 1 = 2*f - 3. Let b = f + 0. Suppose b*y + 2*y = 44. What are the prime factors of y?
11
Let s be 24*(3 - (-14)/6). Suppose -2*i + 163 - 43 = -2*u, -4*u = -2*i + s. Suppose 2*o + 2*o - i = 0. What are the prime factors of o?
2, 7
Suppose -3*v + 67 = 4*b, 5*b + 5*v - 42 = 2*b. Suppose 0 = -3*m + 58 - b. List the prime factors of m.
13
Suppose 26*u = 27*u - 174. What are the prime factors of u?
2, 3, 29
Suppose 4*n - 74 = 5*n. Let b = 109 + n. What are the prime factors of b?
5, 7
Let f(a) = 9*a + 3. Let g be f(-3). What are the prime factors of ((-138)/g)/((-1)/(-4))?
23
What are the prime factors of (-5 - 402)*-1 + (-4)/1?
13, 31
What are the prime factors of 0 - -7*(-2 + 7)?
5, 7
List the prime factors of 3 + (62 - 4/2).
3, 7
Let w be (2 - 3) + 1 - -23. Let i = w + -15. List the prime factors of i.
2
Let k be (36/(-30))/(4/(-10)). List the prime factors of (-1)/((-76)/25 + k).
5
Suppose -i = -6*i + 210. What are the prime factors of i?
2, 3, 7
Let v be (-2548)/36 - (-2)/(-9). Let f = -43 - v. What are the prime factors of f?
2, 7
Suppose -1 = l + 2*u, 5*l - 5*u + 2*u = 21. Suppose 0*x - 21 = -3*x. Suppose -c - 16 = -5*f, 17 = 3*c + l*f - x. List the prime factors of c.
2
Let q(k) = 3*k - 1. Let s be q(5). Suppose s = x + 1. What are the prime factors of x?
13
Let t = -21 + 36. Let n = -10 - -14. Let f = t - n. List the prime factors of f.
11
Let t be (-69)/(-4) - (-1)/(-4). Let p = t + -5. Let a = p + -2. What are the prime factors of a?
2, 5
Let o(n) be the first derivative of -n**5/20 + n**4/4 + 5*n**3/6 - n + 4. Let i(h) be the first derivative of o(h). What are the prime factors of i(4)?
2
Suppose 0 = -5*c + 4*c - 1118. List the prime factors of (-3)/(-2)*c/(-39).
43
Let n(w) = -w**3 + 7*w**2 + 7*w. List the prime factors of n(4).
2, 19
Let x = 155 + -7. List the prime factors of x.
2, 37
Let x(i) = 18*i**2 - 2*i - 4. What are the prime factors of x(-2)?
2, 3
Let y = -129 + 394. What are the prime factors of y?
5, 53
Let i(m) = m**3 + 11*m**2 - 14*m - 10. List the prime factors of i(-12).
2, 7
Suppose -2*h - 5*z + 9 = 0, 5*h + 5*z + 0*z - 15 = 0. Suppose h*x - 2 = x. What are the prime factors of x?
2
Suppose -3*j = -5*j - 96. Suppose g = y + 31, 5*g = y - 4*y - 109. Let u = y - j. What are the prime factors of u?
3, 5
Let t = -25 + 35. Suppose -4*h + t = -2*w, -1 = -2*h + h + w. List the prime factors of 1/((h/2)/14).
7
Suppose -2*r - 3*h - 12 = 0, -5*h + 0*h = 2*r + 4. Suppose -6 = 4*t - t. What are the prime factors of t/(7 - 1)*r?
2
Suppose -5*v = 3*m - 36, -2*v + 5*m + 14 = 2*v. Let p be ((-8)/12)/(4/v). List the prime factors of 6/(5/3 + p).
3
What are the prime factors of 3 + (-38)/10 - 308/(-10)?
2, 3, 5
Suppose 6*x - 18 = x - 4*t, -2*x - 2 = -3*t. List the prime factors of x.
2
Let v(g) = 7*g**2 - 2. Let a(f) = 20*f**2 - 6. Let r(o) = -6*a(o) + 17*v(o). Let w be r(2). List the prime factors of 9 + -3 + w/(-2).
7
Suppose -3*o = o - 100. Suppose 10 - 30 = -4*x + 4*u, 2*x + u = 7. Suppose l + x*l - o = 0. List the prime factors of l.
5
Let j = 216 + -94. What are the prime factors of j?
2, 61
Let m be -1*4/(12/9). Let y = 10 - m. What are the prime factors of y?
13
Let v be -2*27*(-1)/2. Suppose -4*t + 39 = -3*t + 5*f, 2*t = 3*f + 39. Suppose -2*h + t = 2*w, 0 = 5*w + v - 7. List the prime factors of h.
2
Let p be 2/(-2) + 1 - 2. Let n be 32 + p/(-1) - 0. Let m = n + -20. List the prime factors of m.
2, 7
Suppose -2*h = -4*h + 32. What are the prime factors of h?
2
Let a = -1 - 2. Let g be (-30)/7 - (-4)/14. List the prime factors of (-28)/a + g/(-6).
2, 5
Suppose 5*i = -2*q + 76, -5*q - 5*i + 158 = -2. What are the prime factors of q?
2, 7
Let g be ((-2)/(-8))/((-9)/(-108)). Suppose -3*d = 5*n - 4 - 50, g*d - 27 = 4*n. List the prime factors of d.
13
Suppose -2*a = -0*a - 2*p - 8, 2*p + 17 = 5*a. Suppose 4*c + 7*s - 59 = 4*s, -38 = -a*c - s. Let k = 20 - c. What are the prime factors of k?
3
Suppose 2 + 3 = 5*q. Let o be 2*(15/6 + q). Let a(x) = x + 6. What are the prime factors of a(o)?
13
Suppose u = 2*c + 78, 2*u = -3*c + 40 + 109. List the prime factors of u.
2, 19
Let n(i) = 4*i**2 - i - 1. Let l be n(-1). Suppose -t + f + 16 = 0, -5*f = l*t - 23 - 14. List the prime factors of t.
13
Let b(z) = 2*z**2 + 10*z + 5. Let i be b(-7). Let s = -13 + i. What are the prime factors of s?
2, 5
Let v be -2 - 5/(-1) - -1. Suppose -4*m = 0, 4 + 140 = v*l - 2*m. List the prime factors of l.
2, 3
Let k = 119 - 42. List the prime factors of k.
7, 11
Let l = -62 + 89. What are the prime factors of l?
3
Let g be (-79)/(-7) + 8/(-28). Let d be (-1)/(g/(-5) + 2). Suppose d*y = 4*w + 22, 0*y + 3*w = 4*y - 18. List the prime factors of y.
2, 3
Let l = 4 + -4. Let c = 2 + l. Suppose 4*b - 20 = -5*h, 0 = 2*h + 4*b - c*b - 8. List the prime factors of h.
2
Let d = -4 + 12. Suppose -t - 5*h = 15, 0 = -3*t + d*t + h - 45. What are the prime factors of (72/(-20))/((-4)/t)?
3
Let x be 3/(-9)*-3 - -32. Let g = -22 + x. List the prime factors of g.
11
Let c = -4 + 1. Let z be c/(-9) + 10/6. Suppose -3*b = -z*b - 6. List the prime factors of b.
2, 3
Let m(t) = -t**3 + 5*t**2 - 2*t + 5. List the prime factors of m(4).
13
Suppose 5*p = 4*w + 42, 0*p + p + 5*w + 9 = 0. Let f = 10 + p. What are the prime factors of f?
2
Suppose -2*m - 1 = -5*i - 6, -4*i + 65 = 3*m. What are the prime factors of ((-36)/10)/((-3)/m)?
2, 3
What are the prime factors of (-10)/(18/10 + (-2 - 0))?
2, 5
Let d(s) = -s**3 - 2*s**2 - 2*s - 4. Let y be d(-6). Suppose -12 = 5*m - y. Suppose 4*r + z - 17 = 1, 0 = 4*r - 4*z - m. List the prime factors of r.
5
Let m be (2/5)/((-2)/10). What are the